{"id":183,"date":"2019-05-18T23:38:06","date_gmt":"2019-05-18T21:38:06","guid":{"rendered":"https:\/\/isladetierrabomba.com\/n\/?page_id=183"},"modified":"2019-08-28T03:37:17","modified_gmt":"2019-08-28T08:37:17","slug":"turismo","status":"publish","type":"page","link":"https:\/\/isladetierrabomba.com\/n\/turismo\/","title":{"rendered":"Turismo"},"content":{"rendered":"<p>[et_pb_section fb_built=\u00bb1&#8243; _builder_version=\u00bb3.23.3&#8243; background_color=\u00bb#4782ff\u00bb custom_padding=\u00bb0px||0px|||\u00bb link_option_url=\u00bbhttps:\/\/isladetierrabomba.com\/n\/historia\u00bb][et_pb_row custom_padding=\u00bb16px|10px|6px|28px||\u00bb custom_margin=\u00bb|auto|5px|auto||\u00bb _builder_version=\u00bb3.23.3&#8243; background_color=\u00bbrgba(2,122,22,0.4)\u00bb width=\u00bb100%\u00bb max_width=\u00bb1544px\u00bb min_height=\u00bb61px\u00bb][et_pb_column type=\u00bb1_6&#8243; _builder_version=\u00bb3.22.2&#8243;][et_pb_blurb title=\u00bbHistoria\u00bb url=\u00bbhttps:\/\/isladetierrabomba.com\/n\/historia\u00bb image=\u00bbhttps:\/\/isladetierrabomba.com\/n\/wp-content\/uploads\/historia.png\u00bb icon_placement=\u00bbleft\u00bb _builder_version=\u00bb3.23.3&#8243; header_font=\u00bb||||||||\u00bb header_text_color=\u00bb#ffffff\u00bb text_orientation=\u00bbcenter\u00bb link_option_url=\u00bb\/n\/historia\/\u00bb][\/et_pb_blurb][\/et_pb_column][et_pb_column type=\u00bb1_6&#8243; _builder_version=\u00bb3.22.2&#8243;][et_pb_blurb title=\u00bbGeopol\u00edtica\u00bb url=\u00bbhttps:\/\/isladetierrabomba.com\/n\/geopolitica\u00bb image=\u00bbhttps:\/\/isladetierrabomba.com\/n\/wp-content\/uploads\/geopolitica.png\u00bb icon_placement=\u00bbleft\u00bb _builder_version=\u00bb3.23.3&#8243; header_font=\u00bb||||||||\u00bb header_text_color=\u00bb#ffffff\u00bb text_orientation=\u00bbcenter\u00bb][\/et_pb_blurb][\/et_pb_column][et_pb_column type=\u00bb1_6&#8243; _builder_version=\u00bb3.22.2&#8243;][et_pb_blurb title=\u00bbTurismo\u00bb url=\u00bbhttps:\/\/isladetierrabomba.com\/n\/turismo\u00bb image=\u00bbhttps:\/\/isladetierrabomba.com\/n\/wp-content\/uploads\/turismo.png\u00bb icon_placement=\u00bbleft\u00bb _builder_version=\u00bb3.23.3&#8243; header_font=\u00bb||||||||\u00bb header_text_color=\u00bb#ffffff\u00bb body_font=\u00bb||||||||\u00bb body_text_color=\u00bb#ffffff\u00bb text_orientation=\u00bbcenter\u00bb][\/et_pb_blurb][\/et_pb_column][et_pb_column type=\u00bb1_6&#8243; _builder_version=\u00bb3.22.2&#8243;][et_pb_blurb title=\u00bbArqueolog\u00eda\u00bb url=\u00bbhttps:\/\/isladetierrabomba.com\/n\/arqueologia\u00bb image=\u00bbhttps:\/\/isladetierrabomba.com\/n\/wp-content\/uploads\/arqueologia3.png\u00bb icon_placement=\u00bbleft\u00bb _builder_version=\u00bb3.23.3&#8243; header_font=\u00bb||||||||\u00bb header_text_color=\u00bb#ffffff\u00bb text_orientation=\u00bbcenter\u00bb custom_margin=\u00bb||-20px|||\u00bb][\/et_pb_blurb][\/et_pb_column][et_pb_column type=\u00bb1_6&#8243; _builder_version=\u00bb3.22.2&#8243;][et_pb_blurb title=\u00bbTiendas\u00bb image=\u00bbhttps:\/\/isladetierrabomba.com\/n\/wp-content\/uploads\/tiendas.png\u00bb icon_placement=\u00bbleft\u00bb _builder_version=\u00bb3.23.3&#8243; header_font=\u00bb||||||||\u00bb header_text_color=\u00bb#ffffff\u00bb text_orientation=\u00bbcenter\u00bb][\/et_pb_blurb][\/et_pb_column][et_pb_column type=\u00bb1_6&#8243; _builder_version=\u00bb3.22.2&#8243;][et_pb_blurb title=\u00bbNegocios\u00bb image=\u00bbhttps:\/\/isladetierrabomba.com\/n\/wp-content\/uploads\/negocios.png\u00bb icon_placement=\u00bbleft\u00bb _builder_version=\u00bb3.23.3&#8243; header_font=\u00bb||||||||\u00bb header_text_color=\u00bb#ffffff\u00bb text_orientation=\u00bbcenter\u00bb][\/et_pb_blurb][\/et_pb_column][\/et_pb_row][\/et_pb_section][et_pb_section fb_built=\u00bb1&#8243; _builder_version=\u00bb3.23.3&#8243; background_color=\u00bbrgba(15,15,15,0.6)\u00bb background_image=\u00bbhttps:\/\/isladetierrabomba.com\/n\/wp-content\/uploads\/tierra-bomba-3.jpg\u00bb background_blend=\u00bbdarken\u00bb width=\u00bb100%\u00bb min_height=\u00bb71px\u00bb custom_margin=\u00bb-5px|0px||0px||true\u00bb custom_padding=\u00bb36px|0px|49px|0px||true\u00bb][et_pb_row custom_padding=\u00bb||0px|||\u00bb _builder_version=\u00bb3.22.7&#8243; width=\u00bb100%\u00bb min_height=\u00bb37px\u00bb][et_pb_column type=\u00bb4_4&#8243; _builder_version=\u00bb3.22.7&#8243;][et_pb_text _builder_version=\u00bb3.23.3&#8243; text_font=\u00bb||||||||\u00bb header_font=\u00bb||||||||\u00bb header_text_color=\u00bb#ffffff\u00bb header_2_font=\u00bb|600|||||||\u00bb header_2_text_align=\u00bbcenter\u00bb header_2_text_color=\u00bb#ffffff\u00bb custom_margin=\u00bb||0px\u00bb]<\/p>\n<h2>TURISMO<\/h2>\n<p>[\/et_pb_text][et_pb_divider color=\u00bb#ffffff\u00bb divider_weight=\u00bb2px\u00bb _builder_version=\u00bb3.22.7&#8243; width=\u00bb16%\u00bb module_alignment=\u00bbcenter\u00bb custom_margin=\u00bb0px||0px||true\u00bb custom_padding=\u00bb0px||0px||true\u00bb][\/et_pb_divider][\/et_pb_column][\/et_pb_row][\/et_pb_section][et_pb_section fb_built=\u00bb1&#8243; _builder_version=\u00bb3.23.3&#8243;][et_pb_row _builder_version=\u00bb3.23.3&#8243; min_height=\u00bb620px\u00bb][et_pb_column type=\u00bb1_2&#8243; _builder_version=\u00bb3.23.3&#8243;][et_pb_text _builder_version=\u00bb3.23.3&#8243; locked=\u00bboff\u00bb]<\/p>\n<p style=\"text-align: justify;\">La isla cuenta con tres hoteles\u00a0operando actualmente, y\u00a0<span style=\"font-size: 14px;\">aproximadamente 70\u00a0<\/span><span style=\"font-size: 14px;\">construcciones campestres\u00a0<\/span><span style=\"font-size: 14px;\">privadas que pertenecen a altas p<\/span><span style=\"font-size: 14px;\">ersonalidades de la vida\u00a0<\/span><span style=\"font-size: 14px;\">p\u00fablica y privada de nuestro\u00a0<\/span><span style=\"font-size: 14px;\">pa\u00eds.<\/span><\/p>\n<p style=\"text-align: justify;\">Recorrer tierra Bomba es una aventura coloreada de historia, hay un extenso y f\u00e9rtil terreno que a\u00fan en su mayor\u00eda es virgen, por lo cual su belleza es apreciada y aprovechada para realizar infinidad de recorridos que desembocan hasta sus hermosas playas y disfrutar de la agradable vista, podr\u00eda toparse en cada esquina con una hermosa estructura colonial, siendo muchas de ellas las afortunadas de recibir algunos hu\u00e9spedes en el transcurso del a\u00f1o.<\/p>\n<p style=\"text-align: justify;\">Adem\u00e1s de recorrer el arte de las calles que se encuentran en la isla, hay que aprovechar el magn\u00edfico mar que la rodea, ya que la mayor parte de la poblaci\u00f3n aprende a nadar desde muy peque\u00f1os y a lo largo de su crecimiento algunos se especializan en pesca por lo cual dominan desde la adolescencia el buceo a profundidad y realizar buceo es una de las actividades que puede realizar en nuestra isla; Hay infinidad de tours que adem\u00e1s del buceo incluyen tambi\u00e9n las visitas guiadas a varios de los sitios hist\u00f3ricos m\u00e1s emblem\u00e1ticos del lugar, algunos en su caso, tambi\u00e9n incluyen comidas t\u00edpicas de nuestra regi\u00f3n, paseos en bote y\/o lancha, y en el recorrido encontrar\u00e1 hermosas piezas de artesan\u00edas hechas con mano de obra local para que pueda llevarse un recuerdo de nuestra amada isla.<\/p>\n<p style=\"text-align: justify;\">Al llegar ser\u00e1 gratamente recibido por el encantador y placentero clima caribe\u00f1o, que ba\u00f1a junto con las olas una de las fortificaciones m\u00e1s\u00a0 importantes de Cartagena desde la \u00e9poca colonial, construida por esclavos de la corona espa\u00f1ola de la \u00e9poca, sea bienvenido a este maravilloso lugar y disfrute de su estad\u00eda, recuerde que esta tambi\u00e9n es su tierra, nuestra Isla, Tierra Bomba.<\/p>\n<p>[\/et_pb_text][\/et_pb_column][et_pb_column type=\u00bb1_2&#8243; _builder_version=\u00bb3.23.3&#8243;][et_pb_image src=\u00bbhttps:\/\/isladetierrabomba.com\/n\/wp-content\/uploads\/010_Fuerte_San_Fernando_Cartagena_Colombia.jpg\u00bb _builder_version=\u00bb3.23.3&#8243; custom_margin=\u00bb100px||\u00bb locked=\u00bboff\u00bb][\/et_pb_image][et_pb_text _builder_version=\u00bb3.23.3&#8243;]<\/p>\n<p style=\"text-align: justify;\">Fuente:\u00a0<a href=\"https:\/\/es.wikipedia.org\/wiki\/Archivo:010_Fuerte_San_Fernando_Cartagena_Colombia.JPG\">https:\/\/es.wikipedia.org\/wiki\/Archivo:010_Fuerte_San_Fernando_Cartagena_Colombia.JPG<\/a><\/p>\n<p>&nbsp;<\/p>\n<p>[\/et_pb_text][\/et_pb_column][\/et_pb_row][\/et_pb_section][et_pb_section fb_built=\u00bb1&#8243; _builder_version=\u00bb3.23.3&#8243; min_height=\u00bb136px\u00bb custom_margin=\u00bb-150px||-150px\u00bb][et_pb_row custom_margin=\u00bb50px||50px\u00bb _builder_version=\u00bb3.23.3&#8243;][et_pb_column type=\u00bb4_4&#8243; _builder_version=\u00bb3.23.3&#8243;][dsm_text_divider header=\u00bbSITIOS HIST\u00d3RICOS Y TUR\u00cdSTICOS\u00bb text_alignment=\u00bbleft\u00bb divider_position=\u00bbflex-end\u00bb _builder_version=\u00bb3.23.3&#8243;][\/dsm_text_divider][\/et_pb_column][\/et_pb_row][\/et_pb_section][et_pb_section fb_built=\u00bb1&#8243; _builder_version=\u00bb3.23.3&#8243;][et_pb_row _builder_version=\u00bb3.23.3&#8243;][et_pb_column type=\u00bb4_4&#8243; _builder_version=\u00bb3.23.3&#8243;][et_pb_blog fullwidth=\u00bboff\u00bb include_categories=\u00bb15&#8243; show_more=\u00bbon\u00bb show_author=\u00bboff\u00bb show_date=\u00bboff\u00bb use_overlay=\u00bbon\u00bb _builder_version=\u00bb3.23.3&#8243; header_font=\u00bb||||||||\u00bb meta_font=\u00bb||||||||\u00bb][\/et_pb_blog][\/et_pb_column][\/et_pb_row][\/et_pb_section]<\/p>\n","protected":false},"excerpt":{"rendered":"<p>TURISMOLa isla cuenta con tres hoteles\u00a0operando actualmente, y\u00a0aproximadamente 70\u00a0construcciones campestres\u00a0privadas que pertenecen a altas personalidades de la vida\u00a0p\u00fablica y privada de nuestro\u00a0pa\u00eds. Recorrer tierra Bomba es una aventura coloreada de historia, hay un extenso y f\u00e9rtil terreno que a\u00fan en su mayor\u00eda es virgen, por lo cual su belleza es apreciada y aprovechada para realizar [&hellip;]<\/p>\n","protected":false},"author":1,"featured_media":0,"parent":0,"menu_order":0,"comment_status":"closed","ping_status":"closed","template":"","meta":{"_et_pb_use_builder":"on","_et_pb_old_content":"","_et_gb_content_width":"","footnotes":""},"class_list":["post-183","page","type-page","status-publish","hentry"],"_links":{"self":[{"href":"https:\/\/isladetierrabomba.com\/n\/wp-json\/wp\/v2\/pages\/183"}],"collection":[{"href":"https:\/\/isladetierrabomba.com\/n\/wp-json\/wp\/v2\/pages"}],"about":[{"href":"https:\/\/isladetierrabomba.com\/n\/wp-json\/wp\/v2\/types\/page"}],"author":[{"embeddable":true,"href":"https:\/\/isladetierrabomba.com\/n\/wp-json\/wp\/v2\/users\/1"}],"replies":[{"embeddable":true,"href":"https:\/\/isladetierrabomba.com\/n\/wp-json\/wp\/v2\/comments?post=183"}],"version-history":[{"count":30,"href":"https:\/\/isladetierrabomba.com\/n\/wp-json\/wp\/v2\/pages\/183\/revisions"}],"predecessor-version":[{"id":1548,"href":"https:\/\/isladetierrabomba.com\/n\/wp-json\/wp\/v2\/pages\/183\/revisions\/1548"}],"wp:attachment":[{"href":"https:\/\/isladetierrabomba.com\/n\/wp-json\/wp\/v2\/media?parent=183"}],"curies":[{"name":"wp","href":"https:\/\/api.w.org\/{rel}","templated":true}]}}